-105)*-105. Let v be (-2)/6 + (-61)/(-3). Calculate the highest common factor of w and v.
20
Let r be 16/(-3) - -5 - (-151)/3. What is the greatest common divisor of 75 and r?
25
Suppose 7*y - 160 = -9*y. Suppose y*a - 120 = 4*a. What is the greatest common divisor of a and 5?
5
Let p = -126 + 152. Let j = 29 + p. What is the greatest common factor of j and 11?
11
Let k = 523 + -429. What is the greatest common factor of 376 and k?
94
Let d be 2 + -2 + 17 + -3. Let k = 32 - d. Calculate the greatest common divisor of k and 45.
9
Let o = 4 - 1. Let z be o/15 - (-58)/10. Suppose -5*v + 5*t = -110, -t = z - 4. Calculate the greatest common divisor of v and 50.
10
Suppose -29*i + 7208 = -332. What is the greatest common divisor of i and 4?
4
Let g = 10 - -8. Calculate the greatest common factor of 12 and g.
6
Let z(y) = -8*y**2 - 4*y + 3. Let d be z(2). Let i = d + 37. Suppose i = -0*n + n - 25. What is the greatest common factor of 275 and n?
25
Let j = -38 + 43. Suppose -j*u = -3*u + 44. Let c = u - -34. What is the highest common divisor of c and 12?
12
Let v(q) = q**3 + 4*q**2 - 2*q - 7. Let u be v(3). Suppose -z - 9*z + u = 0. Calculate the highest common divisor of 5 and z.
5
Suppose 4*w - 8*w = -32. Let n(q) = q**3 + 17*q**2 - 20*q + 44. Let o be n(-18). Calculate the greatest common factor of w and o.
8
Let d be ((-22)/(-6))/(2/24). Let r be -1*((-82)/6 - -3 - 24/72). Calculate the greatest common factor of r and d.
11
Let g(r) = -7*r**3 - 3*r**2 - 4*r. Let s be g(-5). Let t = s - 567. Calculate the highest common divisor of 23 and t.
23
Suppose 11*x - 6*x = 10. Let y be 1 - 1/(x/194). Let t be 16/56 + y/(-7). What is the greatest common factor of t and 28?
14
Let m(w) = 8*w + 33. Let i be m(9). Calculate the highest common divisor of 42 and i.
21
Let n be -12*(-3 + 2) - 0. Let h(z) = -4*z - 8 - 7 + n. Let b be h(-5). What is the highest common divisor of 136 and b?
17
Let a = -107 - -203. What is the highest common factor of a and 72?
24
Let y be 209/2 + (-27)/(-18). Let s = 120 - y. What is the highest common factor of 112 and s?
14
Let w be (-156)/(-7) - 4/14. Suppose -178 = -9*i + 47. Let s be (20 - i)*(-11)/5. Calculate the greatest common divisor of w and s.
11
Let d(r) = -41*r - 277. Let c be d(-7). Calculate the highest common factor of c and 22.
2
Suppose -j + 13 - 1 = 0. Suppose -6*g + 16 + 74 = 0. Suppose -g = -2*z - 3. What is the greatest common factor of j and z?
6
Let k be (17 - 0)/(3/9). Let d be 32 - 38 - ((-48)/2 + 1). What is the greatest common factor of k and d?
17
Let j(s) = 2*s - 21. Let h = 49 + -35. Let m be j(h). Calculate the greatest common divisor of m and 63.
7
Let a = -52 + 220. Calculate the greatest common divisor of a and 126.
42
Let k(v) = v**2 + 14*v - 10. Let a be k(-17). What is the greatest common divisor of 82 and a?
41
Let c = 197 - 108. Let f = c - 72. What is the greatest common factor of 187 and f?
17
Let z(k) = k**2 + 4*k - 10. Let y(b) = -2*b**2 + 23*b - 7. Let i be y(11). Let h be z(i). Calculate the highest common divisor of h and 77.
11
Let c = 7 + -12. Let b be 1 + 6 + (-2 - c). Let r(h) = 7*h**2 + 3*h. Let f be r(-4). Calculate the greatest common factor of f and b.
10
Let g(i) = 3*i**3 + 11*i**2 - 5*i + 5. Let j be g(-4). Suppose z = -3*z - 5*f + 386, -3*z = -3*f - 303. Calculate the greatest common divisor of j and z.
9
Let k(p) = 59*p + 21. Let y be k(0). What is the highest common factor of 2457 and y?
21
Suppose -5*h = -h - 8. Let v be h/(-4*2/244). Let c = 109 + v. What is the greatest common divisor of 32 and c?
16
Let u be 107 - (45/10 + -4)*6. What is the highest common factor of u and 78?
26
Suppose 2*a = -2*p + 52, 4*p = 6*p - 4*a - 46. What is the highest common divisor of 475 and p?
25
Let l(s) = -2*s**3 - 5*s**2 - 5*s. Let o be l(-2). Calculate the greatest common divisor of o and 14.
2
Suppose 11*g - 3149 - 8467 = 0. Calculate the greatest common divisor of g and 22.
22
Suppose -136 = -2*g + 2*o + 2*o, 322 = 5*g - 4*o. What is the highest common factor of g and 434?
62
Let y(o) = 8*o**2 - o - 4. Let p = -110 - -108. Let u be y(p). What is the highest common divisor of u and 15?
15
Let z(o) = -9*o**2 + 2*o + 1. Let g be z(-1). Let t be (-8)/g + (-2052)/(-60). What is the highest common factor of 35 and t?
35
Suppose -210 = 6*v - 13*v. Calculate the highest common factor of v and 110.
10
Suppose -3*i + 5*g + 58 = 0, 15 = i + 3*g - 23. Let x = -22 + i. Calculate the highest common divisor of x and 12.
4
Suppose 0 = -b + 138 - 134. Suppose -v - 4*g = -28, -4*v = -2*v - b*g - 8. Calculate the greatest common factor of v and 60.
12
Let q(r) = -r**3 + 7*r**2 + 3*r - 6. Let v be q(6). Suppose -7*x + 197 = -v. Calculate the greatest common factor of 5 and x.
5
Let m(q) = -q**2 + 4*q. Let j be m(12). Let y = 39 - j. Calculate the greatest common divisor of 15 and y.
15
Suppose 4*d = -3*a - 15, -2*a - 3*a = 5*d + 20. Let z be 15/(-45) + (-7)/d + 1. What is the greatest common divisor of 15 and z?
3
Suppose 21 = 9*w - 6*w. Let l(z) = z - 5. Let i be l(w). Calculate the highest common divisor of 6 and i.
2
Let d be 474/54 + 16/72. What is the highest common factor of 36 and d?
9
Suppose -4*z + 483 = 35. Suppose 464 = 4*l + z. Calculate the highest common factor of l and 8.
8
Let p be (7 + -21)/(3/((-9)/6)). Suppose 3*w - p*w - 35 = -q, 2*w - 41 = -q. What is the highest common factor of 13 and q?
13
Let n be (-8 - -5 - (-4 - 3))/2. What is the highest common factor of 50 and n?
2
Let o be ((-2)/3)/((-54)/1215). Let c(v) = 6*v - 3. Let d be c(3). What is the highest common factor of d and o?
15
Suppose -3*d + 18*x - 15*x = -2259, 4*d + 2*x - 3030 = 0. What is the highest common factor of 48 and d?
12
Let y be 11/((-11)/(-26)) - (2 + 3). What is the greatest common factor of 1659 and y?
21
Let x be 2/(-2) + (-18)/(-6). Let u(i) = i**2 - 3*i + 4. Let o be u(x). Calculate the greatest common factor of o and 6.
2
Let c = 518 + -514. Calculate the highest common divisor of c and 92.
4
Let h(z) = 4*z. Let y be h(2). Suppose 31*p + 0*p - 252 = -11*p. Calculate the highest common divisor of y and p.
2
Let l be (33 + -9)*336/9. Calculate the greatest common divisor of 56 and l.
56
Suppose -2*o = -15 + 13. Calculate the greatest common factor of o and 146.
1
Let f = 781 - 741. Let k = 5 + 0. What is the greatest common factor of k and f?
5
Let h = 17 + 0. Let y = h - 17. Suppose -m = -3*m + 3*o + 26, y = 5*m - o - 52. What is the greatest common factor of m and 2?
2
Suppose 0 = 12*b - 138 - 78. Let x = 30 + -18. What is the highest common factor of b and x?
6
Suppose -7*g - 8 = -8*g. Let t be ((-9)/((-315)/(-616)))/((-1)/5). What is the highest common factor of t and g?
8
Suppose 0 = t - 3, -3*t = -29*r + 30*r - 11. What is the greatest common divisor of 122 and r?
2
Let z(p) = -2*p**3 - 3*p**2 - 5*p - 10. Let m be z(-2). Suppose 3*u = 3*y + 2 + 16, m = 2*y. Calculate the highest common divisor of 72 and u.
8
Let q(c) = 8 + 2*c + c - 3 - 4*c. Let o be q(-13). What is the highest common factor of o and 30?
6
Let d = -110 - -134. Suppose 2*u - 20 = -3*m, 3*m = -5*u - 0*m + 41. Let o = d - u. What is the highest common factor of 51 and o?
17
Let s = 4 + 1. Let i be -15 - (-1 - (-3 + s)). Let w(y) = -3*y - 4. Let n be w(i). Calculate the highest common divisor of 4 and n.
4
Suppose n + 10 = 6*n. Suppose t - 9 + n = 0. Suppose 2*j = t*j - 50. Calculate the greatest common factor of 10 and j.
10
Suppose 4*j + 286 = 3*s + 13, 4*s = j + 351. What is the highest common factor of s and 232?
29
Suppose -5*g - 5*q = -5, -5*g - 3*q = -g - 3. Suppose 4*k - 33 = -i, 25 = i - g*i - 4*k. Calculate the highest common divisor of 116 and i.
29
Suppose -4*z + 168 - 40 = 0. Let k be (z/(-3))/(4/(-6)). Let v be (1*-7)/((-4)/k). What is the highest common factor of v and 252?
28
Let b(z) = z**3 + 16*z**2 + 14*z - 7. Suppose 4*m = -64 + 4. Let r be b(m). Let p be (-10 - 2)*(-6)/9. What is the highest common factor of r and p?
8
Suppose 0*r = 35*r - 11550. What is the highest common factor of 220 and r?
110
Suppose -b - 4*x + 128 = 0, 2*x = -0*b + b - 158. Let k = b - 103. What is the greatest common factor of k and 9?
9
Let f(t) = -t**3 - 19*t**2 - 2*t + 105. Let z be f(-19). What is the highest common divisor of 26 a